cond derivative of f**4/12 - 7*f**3/6 - 5*f**2 - 3*f. Give z(t).
-10
Let b(o) = -4*o**2 - 24*o - 26. Let j(u) = u**2 + 4*u + 5. Let m(w) = 2*b(w) + 11*j(w). Let n = -6 + 15. Suppose -n - 1 = -5*x. Give m(x).
7
Let v(p) = p**2 - 7*p - 8. Let j(s) be the first derivative of s**4/4 + s**3 - 2*s**2 - 5*s + 81. Suppose 5*h + 11 = 1. Let i be j(h). What is v(i)?
-8
Let m(o) be the second derivative of o**3/3 + o**2/2 + 157*o. Let z(c) = c**3 + 4*c**2 - c + 2. Let s be z(-4). What is m(s)?
13
Let d(z) = -20*z - 212. Suppose 3*o = -2*f - 4, -10*o + 23 = -f - 8*o. Calculate d(f).
8
Let o be 88/15 - (-38)/285. Let u be (o/(-5))/((-2)/5). Let q(i) = i**2 + 2*i + 2. Give q(u).
17
Suppose 870*k + 505 = 971*k. Let z(c) = -4*c + 6. What is z(k)?
-14
Let o(w) = -2*w**3 - 12*w**2 + 17*w + 149. Let g be o(-5). Let x(r) = 37*r - 526. Give x(g).
-8
Let g(r) = 5*r + 12. Let s(u) = u + 3. Suppose 0*m + 4*m = -8. Let x(y) = -56*y + 121. Let p be x(2). Let o(c) = m*g(c) + p*s(c). Calculate o(-3).
6
Let y(j) = j - 4. Let f be y(5). Let u(b) = b + 4871*b**2 - 1 + 4*b**3 - 2449*b**2 - 2421*b**2 + 2 + b**3 - 3*b. What is u(f)?
5
Suppose -2*n + 7 = -1. Let k be (-2 - ((-6)/(-3) + 2))*-1. Let v(w) = w + k*w - 6 - w. Give v(n).
18
Let u(h) = 3*h**3 + 23*h**2 - 12*h + 14. Let i be u(-8). Suppose -38*c - i + 8 = 0. Let p(l) = 8*l**2 + l. What is p(c)?
7
Let x(h) = -24*h**2 - 57. Let c(k) = -13*k**2 - 30. Let n(v) = 11*c(v) - 6*x(v). Calculate n(-3).
21
Let z be (4/5)/(2/5) + 1. Let g = 8 - z. Suppose -18 = -u - g*v - 0*v, 2*u + 9 = 5*v. Let b(t) = -2*t**2 - t + 4. Give b(u).
-17
Let h(a) be the first derivative of a**4/4 + 2*a**3 + a**2 - 16*a + 5126. Determine h(-5).
-1
Let d(p) be the second derivative of p**6/360 - 7*p**5/120 + 7*p**4/24 - 2*p**3/3 + 9*p**2/2 + 2*p + 1. Let n(q) be the second derivative of d(q). Give n(6).
1
Let y(l) = -2*l**3 - 2*l**2 - 4*l - 1. Suppose -1762*v = -1761*v - c - 1, -v = -2*c + 1. Give y(v).
-85
Let h = -21 + 24. Suppose -2*n + 1 + 3 = -2*c, h*n - 3 = 2*c. Let a(q) = -q**3 - 3*q**2 + q - 1. What is a(c)?
-4
Let l(y) = -4*y + 2. Suppose -6*c + 3 - 27 = 0. Let g be -5 + 4 + c + (-1 - -3). Calculate l(g).
14
Let h(x) be the second derivative of x**4/12 - 5*x**3/6 - 77*x**2 + 12230*x. Determine h(14).
-28
Let r(g) = g**3 + g**2 - 2. Let l(m) = m**3 - 7*m**2 + 5*m + 8. Suppose -7*q + 733 - 68 = 0. Let s = -89 + q. Let o be l(s). What is r(o)?
10
Let r(c) = c**3 - 5*c**2 - 6*c + 9. Let l be r(6). Let s(k) = -14*k**2 - 76*k - 143. Let q(w) = w**2 + 6*w + 11. Let b(z) = 27*q(z) + 2*s(z). Determine b(l).
20
Let d(g) = -70*g. Let v(p) = -p**2 + 175*p + 1. Let t(l) = 7*d(l) + 3*v(l). Determine t(10).
53
Let d(w) = 25*w - 2. Let q(o) = -o**3 - 14*o**2 + 18*o + 249. Let r be q(-14). Give d(r).
-77
Let x be ((-400)/(-44) - 9) + (-63)/(-154). Let c(b) be the first derivative of -4*b + x*b**2 - 28. Determine c(-3).
-7
Let q(t) = 8*t + 244. Let s = 8702 - 8732. Calculate q(s).
4
Let y(p) = p**3 + p**2 + 3*p - 1. Suppose -9*f - 107 + 17 = 0. Let m be -8 + 5 + f/(-2). Give y(m).
17
Let s(h) = -h**3 + 12*h**2 + 2*h + 6. Suppose 2*v - 16 = b, 128*v - 123*v - 68 = -b. Give s(v).
30
Let r(u) = 4*u + 4. Let x(t) = t + 1. Let y(n) = 3*r(n) - 15*x(n). Let s = -371 - -369. Give y(s).
3
Let g(w) be the second derivative of w**4/12 + w**3/2 + 11*w**2 + 5847*w. What is g(-9)?
76
Let a(q) = -4*q + 55. Let m(c) = -18*c + 790. Let b be m(43). Give a(b).
-9
Let a(q) be the first derivative of 15*q**4/4 + q**3/3 - 2*q**2 - 3*q + 4176. Give a(-2).
-111
Let o be (3*(-40)/15)/(2/100). Let v = o - -397. Let z(p) = -p**2 + 2*p**2 - 2*p - 2*p**2. Determine z(v).
-3
Let u(h) = h**2 - 2*h - 1. Let r be 6/75 + 16846/50 + 3. Let n = r - 335. Determine u(n).
14
Let c(k) = 0*k**2 + 28*k - 7*k**2 - 5*k**2 + 27*k**2 + 6 - 9*k**2. What is c(-4)?
-10
Let i(m) = 62*m + 6. Let t(o) = -9*o - 2. Let b(q) = i(q) + 8*t(q). Calculate b(-6).
50
Suppose 0 = 4*m - 6*m + 2, -5*m + 20 = -5*u. Let a(z) = 6122*z - 783*z - 5341*z - 2 - z**2. What is a(u)?
-5
Let r be (-1)/6 + -237*(-21)/54. Suppose 95*o + 9 = r*o. Let b(k) = -k**3 - 2*k**2 + 1. Give b(o).
10
Let r(f) be the third derivative of -f**5/30 + f**4/24 - f**3/3 - 2*f**2. Let s be 3/36*-2 - (1965/90 - 20). Give r(s).
-12
Let i(g) = 13*g**3 - 28*g**2 - 5*g - 6. Let o(a) = 5*a**3 - 12*a**2 - 3*a - 3. Let u(r) = -2*i(r) + 5*o(r). Determine u(-4).
17
Let u(m) = m**2 + 9*m - 2*m**2 - 1 - 9. Let i be (-10)/7 - 7008/(-672). What is u(i)?
-10
Suppose -5*s - 4*v - 206 = -5*v, 0 = 4*s - 4*v + 168. Let x = -39 - s. Let t(g) = -3*g**x - 18 + 8 - 9*g + g**2 + g**2. Give t(-7).
4
Let y(z) = z**3 + 15*z**2 - 36. Let b(r) = -985*r + 3925. Let v be b(4). Determine y(v).
-36
Let s(w) be the second derivative of -w**4/12 + w**3/2 - 3*w**2/2 + 3*w. Let p be (-54)/(-162)*(12 + 0). What is s(p)?
-7
Let k(s) = -s**2 - 3*s + 650. Let z be k(24). Let i(h) be the second derivative of h**3 - 5*h - 1/2*h**z + 0. What is i(-2)?
-13
Let w = -420 + 423. Suppose t = -3*h + 2*h - w, -5*h + t - 39 = 0. Let q(n) be the second derivative of n**3/6 + 9*n**2/2 - n. Give q(h).
2
Let k(v) = -8*v + 10. Let h be ((-40)/(-12))/(136/24 + -6). Determine k(h).
90
Let v(s) = s**2 + 10*s + 8. Let l be (-6 + -2 + 720/105)*7. Calculate v(l).
-8
Let u(t) = 4*t + 8. Let j(k) = -5*k - 9. Let r = 21 - 19. Suppose -7*a + r*a = 30. Let z(g) = a*u(g) - 5*j(g). Calculate z(8).
5
Let d(o) = -o**2 + 5. Let w(c) = -6*c - 16. Let y be w(-3). Let t be ((-1 + -4 + 5)*-1)/y. Determine d(t).
5
Let a(d) be the second derivative of -13/2*d**2 + 11/12*d**4 + 1/20*d**5 - d + 4/3*d**3 - 24. Calculate a(-10).
7
Let i(g) = -10*g - 36. Let a be i(-6). Suppose -5*t + 16 = -a. Let m(s) = -s**3 + 11*s**2 - 23*s - 7. Determine m(t).
1
Suppose 5*z - 2*u - 20 = 3*u, -4*u - 17 = -5*z. Suppose -k - z = -17. Let t(g) = g**2 - 17*g + 11. What is t(k)?
-5
Let c(q) be the third derivative of q**5/60 - q**4/8 + q**3 + q**2. Let m(a) = -a**3 + 26*a**2 - 88*a + 4. Let l be m(22). Determine c(l).
10
Suppose -3*c - 10 = -4*q - 41, 3*q + 2 = -2*c. Let f(b) be the first derivative of -b**3/3 + 7*b**2/2 - 4*b + 1151. Give f(c).
6
Suppose 34*k - d = 30*k - 8, 4*d - 19 = 3*k. Let p(g) = -30*g + 14. Determine p(k).
44
Let h(i) be the third derivative of -i - i**3 - 1/2*i**4 + 2*i**2 + 0 - 1/60*i**5. Calculate h(-11).
5
Suppose 0 = -f - 3*a - 1, 2*f - 4*a = -3*f - 43. Let r(c) = -7 + 5 + 7*c**2 + c**3 - 141*c + 142*c. Calculate r(f).
-9
Let s(b) be the first derivative of 245 - 12*b + 22*b + 9*b - 10*b - b**2 - 13. Give s(6).
-3
Let n(a) = 3*a**2 - 5*a + 2. Let y be n(2). Let j(r) = -18 + 37 + 7 + y*r. Let s be j(-8). Let p(b) = b**3 + 5*b**2 - 7*b - 4. Determine p(s).
2
Let w(l) = -3*l + 158. Let g = -161 - -213. Let o be w(g). Let s(v) = -v + 0*v - 2*v**2 + 0*v + v**3. What is s(o)?
-2
Let q = 13 - 4. Let p(a) = -14*a**3 - 1174*a**2 + 1184*a**2 - 8*a + 26*a**3 - 13*a**3 - 7. Determine p(q).
2
Let q(d) = -d**3 + 5*d**2 + 15*d - 18. Let t be q(7). Let u(m) = m + 100. Let w(p) = -2*p - 215. Let a(c) = 13*u(c) + 6*w(c). What is a(t)?
-1
Let t = 270 + -235. Let w(m) = 48*m - t*m - 12*m. What is w(6)?
6
Let a = 987 + -982. Let r(i) = -4*i + 4 + 4 + a*i + 0*i. Calculate r(-8).
0
Let i(g) = -g**3 - 6*g**2 + 9*g + 4. Let f(v) = -v**3 - 59*v**2 - 716*v - 40. Let d be f(-17). Calculate i(d).
-50
Let f(n) = 40 - 13*n**2 - 18*n**2 - 16*n - 13*n**2 + 43*n**2. What is f(-18)?
4
Let u(r) be the second derivative of r**5/20 - 11*r**4/12 + 11*r**3/6 - 21*r**2/2 - r - 41. What is u(10)?
-11
Let m(z) be the first derivative of 131 - 7/3*z**3 + 0*z + z**2. What is m(2)?
-24
Let w(t) = -256*t**2 + 125*t**2 + 3*t + 0*t + 4 + 132*t**2 + 2*t. Let p = -11 + 6. What is w(p)?
4
Suppose u + 13 - 14 = 3*t, 0 = -3*u - 5*t + 17. Let w(h) = -5*h**2 + 10*h - 9. Let z(k) = -11*k**2 + 21*k - 19. Let m(a) = 9*w(a) - 4*z(a). What is m(u)?
3
Let p(q) = q**2 + q. Let t(h) = -h**2 + 5*h + 1. Let a(j) = -3*p(j) - t(j). Let d(g) = -3*g**2 - 15*g - 2. Let v(w) = -5*a(w) + 3*d(w). Calculate v(5).
-1
Let i be 16/(-6)*-3 - 6/(-6). Let y be (-4*(-1)/(-5))/(i/(-45)). Let n(c) = -c**2 - 4 + 1 - 2 + 4*c. What is n(y)?
-5
Let z be ((-10)/15)/((-1)/9). Let s be 16/24 + 14/z. Let m(n) = -3*n**2 - 1 + 8*n**2 + n**3 - 2*n**2 + s*n - 2*n. Give m(-2).
1
Let b(n) = 24*n**2 - 3*n + 6. Let j(w) =